{"id":579,"date":"2016-10-04T15:14:21","date_gmt":"2016-10-04T13:14:21","guid":{"rendered":"http:\/\/www.verdi-tu.de\/wordpress\/?page_id=579"},"modified":"2026-03-01T23:40:11","modified_gmt":"2026-03-01T21:40:11","slug":"personalvertretung","status":"publish","type":"page","link":"https:\/\/www.verdi-tu.de\/wordpress\/personalvertretung\/","title":{"rendered":"\ud83d\udc65 Personalvertretung"},"content":{"rendered":"<h2>Gemeinsam mitbestimmen!<\/h2>\n<p>Zahlreiche Kolleg:innen, die sich in der Gewerkschaft ver.di zusammengeschlossen haben, engagieren sich in der Personalvertretung an der TU Berlin:<\/p>\n<ul>\n<li><a href=\"https:\/\/www.verdi-tu.de\/wordpress\/?page_id=485\">Personalrat<\/a><\/li>\n<li><a href=\"https:\/\/www.verdi-tu.de\/wordpress\/?page_id=529\">Jugend- und Auszubildendenvertretung <\/a><\/li>\n<li><a href=\"https:\/\/www.verdi-tu.de\/wordpress\/personalvertretung\/schwerbehindertenvertretung\/\">Schwerbehindertenvertretung<\/a><\/li>\n<\/ul>\n<h2>Was ist eine Personalvertretung?<\/h2>\n<p>Die Personalvertretung (z. B. Personalr\u00e4te, Jugend- und Auszubildendenvertretung) ist die Vertretung der Besch\u00e4ftigten (Tarifbesch\u00e4ftigte, Beamte) einer Dienststelle der \u00f6ffentlichen Verwaltung (in Bund, L\u00e4ndern, Gemeinden, sonstigen Anstalten, K\u00f6rperschaften und Stiftungen des \u00f6ffentlichen Rechtes), vergleichbar mit der Arbeitnehmer:innenvertretung in den Betrieben der Privatwirtschaft (Betriebsrat).<\/p>\n<p class=\"my-2 [&amp;+p]:mt-4 [&amp;_strong:has(+br)]:inline-block [&amp;_strong:has(+br)]:pb-2\">Ein Personalrat vertritt die Interessen der Besch\u00e4ftigten gegen\u00fcber dem Pr\u00e4sidium. Er wacht dar\u00fcber, dass Gesetze und Tarifvertr\u00e4ge zugunsten der Mitarbeitenden eingehalten werden, und gestaltet die Arbeitsbedingungen aktiv mit. Auch zu seinen Aufgaben geh\u00f6rt:<\/p>\n<ul class=\"marker:text-quiet list-disc\">\n<li class=\"py-0 my-0 prose-p:pt-0 prose-p:mb-2 prose-p:my-0 [&amp;&gt;p]:pt-0 [&amp;&gt;p]:mb-2 [&amp;&gt;p]:my-0\">\n<p class=\"my-2 [&amp;+p]:mt-4 [&amp;_strong:has(+br)]:inline-block [&amp;_strong:has(+br)]:pb-2\"><strong>Mitbestimmung <\/strong>bei Einstellungen, Eingruppierungen, K\u00fcndigungen sowie bei Regelungen zur Arbeitszeit und zum Gesundheitsschutz.<\/p>\n<\/li>\n<li class=\"py-0 my-0 prose-p:pt-0 prose-p:mb-2 prose-p:my-0 [&amp;&gt;p]:pt-0 [&amp;&gt;p]:mb-2 [&amp;&gt;p]:my-0\">\n<p class=\"my-2 [&amp;+p]:mt-4 [&amp;_strong:has(+br)]:inline-block [&amp;_strong:has(+br)]:pb-2\"><strong>Beratung &amp; Schutz:<\/strong> Er unterst\u00fctzt Kolleg:innen individuell bei Konflikten am Arbeitsplatz und setzt sich besonders f\u00fcr die Belange von Schutzbed\u00fcrftigen sowie f\u00fcr eine faire Personalentwicklung ein.<\/p>\n<\/li>\n<li class=\"py-0 my-0 prose-p:pt-0 prose-p:mb-2 prose-p:my-0 [&amp;&gt;p]:pt-0 [&amp;&gt;p]:mb-2 [&amp;&gt;p]:my-0\">\n<p class=\"my-2 [&amp;+p]:mt-4 [&amp;_strong:has(+br)]:inline-block [&amp;_strong:has(+br)]:pb-2\"><strong>\u00dcberwachung:<\/strong> Er stellt sicher, dass technische Einrichtungen oder Umstrukturierungen nicht zu Lasten der Besch\u00e4ftigten gehen und die soziale Gerechtigkeit gewahrt bleibt.<\/p>\n<\/li>\n<li><strong>Austausch<\/strong>: Der Personalrat organisiert regelm\u00e4\u00dfige Personalversammlungen, bei denen er \u00fcber seine Arbeit berichtet und den Austausch zu aktuellen Themen erm\u00f6glicht.<\/li>\n<\/ul>\n<h2>Rechtliches<\/h2>\n<p>Das Recht der Personalvertretung wird in den Personalvertretungsgesetzen (PersVG) des Bundes und der L\u00e4nder geregelt. Hier findest du das <a href=\"https:\/\/gesetze.berlin.de\/perma?a=PersVG_BE\">Berliner PersVG<\/a>.<\/p>\n","protected":false},"excerpt":{"rendered":"<p>Gemeinsam mitbestimmen! Zahlreiche Kolleg:innen, die sich in der Gewerkschaft ver.di zusammengeschlossen haben, engagieren sich in der Personalvertretung an der TU&#8230;<\/p>\n","protected":false},"author":3,"featured_media":0,"parent":0,"menu_order":0,"comment_status":"closed","ping_status":"closed","template":"","meta":{"footnotes":""},"class_list":["post-579","page","type-page","status-publish","hentry"],"_links":{"self":[{"href":"https:\/\/www.verdi-tu.de\/wordpress\/wp-json\/wp\/v2\/pages\/579","targetHints":{"allow":["GET"]}}],"collection":[{"href":"https:\/\/www.verdi-tu.de\/wordpress\/wp-json\/wp\/v2\/pages"}],"about":[{"href":"https:\/\/www.verdi-tu.de\/wordpress\/wp-json\/wp\/v2\/types\/page"}],"author":[{"embeddable":true,"href":"https:\/\/www.verdi-tu.de\/wordpress\/wp-json\/wp\/v2\/users\/3"}],"replies":[{"embeddable":true,"href":"https:\/\/www.verdi-tu.de\/wordpress\/wp-json\/wp\/v2\/comments?post=579"}],"version-history":[{"count":14,"href":"https:\/\/www.verdi-tu.de\/wordpress\/wp-json\/wp\/v2\/pages\/579\/revisions"}],"predecessor-version":[{"id":3213,"href":"https:\/\/www.verdi-tu.de\/wordpress\/wp-json\/wp\/v2\/pages\/579\/revisions\/3213"}],"wp:attachment":[{"href":"https:\/\/www.verdi-tu.de\/wordpress\/wp-json\/wp\/v2\/media?parent=579"}],"curies":[{"name":"wp","href":"https:\/\/api.w.org\/{rel}","templated":true}]}}