{"id":466,"date":"2016-07-27T09:18:10","date_gmt":"2016-07-27T07:18:10","guid":{"rendered":"http:\/\/www.verdi-tu.de\/wordpress\/?page_id=466"},"modified":"2026-02-17T17:04:14","modified_gmt":"2026-02-17T15:04:14","slug":"erweiterter-akademischer-senat","status":"publish","type":"page","link":"https:\/\/www.verdi-tu.de\/wordpress\/ver-di-in-gremien\/erweiterter-akademischer-senat\/","title":{"rendered":"Erweiterter Akademischer Senat"},"content":{"rendered":"<ul>\n<li>Die n\u00e4chsten EAS-Termine und weitere Informationen zum EAS sind hier zu finden: <a href=\"https:\/\/www.tu.berlin\/go151264\/\">Erweiterter Akademischer Senat<\/a><\/li>\n<li>Amtsperiode 01.04.2026 bis 31.03.2028<\/li>\n<\/ul>\n<p><strong>Unsere Mitglieder im EAS:<\/strong><\/p>\n<table>\n<tbody>\n<tr>\n<td style=\"text-align: center;\"><a href=\"mailto:anja.guenther@tu-berlin.de\">Anja G\u00fcnther<\/a><\/td>\n<td style=\"text-align: center;\"><a href=\"mailto:sdamke@mms.tu-berlin.de\">Stefan Damke<\/a><\/td>\n<td style=\"text-align: center;\"><a href=\"mailto:jan.altmeyer@tu-berlin.de\"><span style=\"color: #0066cc;\">Jan Altmeyer <\/span><\/a><\/td>\n<\/tr>\n<tr>\n<td><img loading=\"lazy\" decoding=\"async\" class=\"aligncenter wp-image-2055 size-thumbnail\" src=\"https:\/\/www.verdi-tu.de\/wordpress\/wp-content\/uploads\/anja_guenther_sw-150x150.jpg\" alt=\"\" width=\"150\" height=\"150\" \/><\/td>\n<td><img loading=\"lazy\" decoding=\"async\" class=\"aligncenter wp-image-2056 size-thumbnail\" src=\"https:\/\/www.verdi-tu.de\/wordpress\/wp-content\/uploads\/stefan_damke-150x150.jpg\" alt=\"\" width=\"150\" height=\"150\" \/><\/td>\n<td><img loading=\"lazy\" decoding=\"async\" class=\"aligncenter wp-image-3110 size-thumbnail\" src=\"https:\/\/www.verdi-tu.de\/wordpress\/wp-content\/uploads\/8b982f51-5090-4aa2-9ad2-9a71b625c12b-e1771263856756-150x150.png\" alt=\"\" width=\"150\" height=\"150\" \/><\/td>\n<\/tr>\n<\/tbody>\n<\/table>\n<p><strong>Stellvertreter:innen:<\/strong><\/p>\n<table>\n<tbody>\n<tr>\n<td style=\"text-align: center;\"><a href=\"mailto:claudia.nasrallah@tu-berlin.de\"><span style=\"color: #0066cc;\">Claudia Ben Nasrallah<\/span><\/a><\/td>\n<td style=\"text-align: center;\"><a href=\"mailto:rolf.kunert@tu-berlin.de\">Rolf Kunert<\/a><\/td>\n<td style=\"text-align: center;\"><a href=\"mailto:sandra.heck@tu-berlin.de\"><span style=\"color: #0066cc;\">Sandra Heck<\/span><\/a><\/td>\n<\/tr>\n<tr>\n<td><img loading=\"lazy\" decoding=\"async\" class=\"aligncenter wp-image-2129 size-thumbnail\" src=\"https:\/\/www.verdi-tu.de\/wordpress\/wp-content\/uploads\/claudia_ben_nasrallah-150x150.jpg\" alt=\"\" width=\"150\" height=\"150\" \/><\/td>\n<td><img loading=\"lazy\" decoding=\"async\" class=\"aligncenter wp-image-2058 size-thumbnail\" src=\"https:\/\/www.verdi-tu.de\/wordpress\/wp-content\/uploads\/rolf_sw-150x150.jpg\" alt=\"\" width=\"150\" height=\"150\" \/><\/td>\n<td><strong><img loading=\"lazy\" decoding=\"async\" class=\"aligncenter wp-image-3110 size-thumbnail\" src=\"https:\/\/www.verdi-tu.de\/wordpress\/wp-content\/uploads\/8b982f51-5090-4aa2-9ad2-9a71b625c12b-e1771263856756-150x150.png\" alt=\"\" width=\"150\" height=\"150\" \/><\/strong><\/td>\n<\/tr>\n<\/tbody>\n<\/table>\n<p class=\"my-2 [&amp;+p]:mt-4 [&amp;_strong:has(+br)]:inline-block [&amp;_strong:has(+br)]:pb-2\">Wir sind ein erfahrenes Team aus Technik, Service und Verwaltung (MTSV), das Fachwissen mit gewerkschaftlicher Solidarit\u00e4t verbindet.<\/p>\n<p class=\"my-2 [&amp;+p]:mt-4 [&amp;_strong:has(+br)]:inline-block [&amp;_strong:has(+br)]:pb-2\">Unsere Schwerpunkte f\u00fcr die Amtszeit 2026\u20132028:<\/p>\n<ul class=\"marker:text-quiet list-disc\">\n<li class=\"py-0 my-0 prose-p:pt-0 prose-p:mb-2 prose-p:my-0 [&amp;&gt;p]:pt-0 [&amp;&gt;p]:mb-2 [&amp;&gt;p]:my-0\">\n<p class=\"my-2 [&amp;+p]:mt-4 [&amp;_strong:has(+br)]:inline-block [&amp;_strong:has(+br)]:pb-2\"><strong>Transparenz &amp; Mitbestimmung:<\/strong> Offene Kommunikation bei Finanzengp\u00e4ssen und verbindliche Beteiligung des MTSV-Personals an Haushaltsentscheidungen.<\/p>\n<\/li>\n<li class=\"py-0 my-0 prose-p:pt-0 prose-p:mb-2 prose-p:my-0 [&amp;&gt;p]:pt-0 [&amp;&gt;p]:mb-2 [&amp;&gt;p]:my-0\">\n<p class=\"my-2 [&amp;+p]:mt-4 [&amp;_strong:has(+br)]:inline-block [&amp;_strong:has(+br)]:pb-2\"><strong>Stabilit\u00e4t gegen K\u00fcrzungen:<\/strong> Kampf f\u00fcr ausreichende Personalst\u00e4rke in Verwaltung und IT sowie gegen betriebsbedingte K\u00fcndigungen und Arbeitsverdichtung.<\/p>\n<\/li>\n<li class=\"py-0 my-0 prose-p:pt-0 prose-p:mb-2 prose-p:my-0 [&amp;&gt;p]:pt-0 [&amp;&gt;p]:mb-2 [&amp;&gt;p]:my-0\">\n<p class=\"my-2 [&amp;+p]:mt-4 [&amp;_strong:has(+br)]:inline-block [&amp;_strong:has(+br)]:pb-2\"><strong>Gesunde Arbeitsr\u00e4ume:<\/strong> Pragmatische L\u00f6sungen bei Raumknappheit und Sanierungen sowie die Besetzung offener Stellen in der Fachtechnik.<\/p>\n<\/li>\n<li class=\"py-0 my-0 prose-p:pt-0 prose-p:mb-2 prose-p:my-0 [&amp;&gt;p]:pt-0 [&amp;&gt;p]:mb-2 [&amp;&gt;p]:my-0\">\n<p class=\"my-2 [&amp;+p]:mt-4 [&amp;_strong:has(+br)]:inline-block [&amp;_strong:has(+br)]:pb-2\"><strong>Entwicklung &amp; Anerkennung:<\/strong> F\u00f6rderung echter Aufstiegschancen durch Weiterbildung und mehr Sichtbarkeit f\u00fcr die Schl\u00fcsselrolle des technischen Personals in Laboren und Werkst\u00e4tten.<\/p>\n<\/li>\n<li class=\"py-0 my-0 prose-p:pt-0 prose-p:mb-2 prose-p:my-0 [&amp;&gt;p]:pt-0 [&amp;&gt;p]:mb-2 [&amp;&gt;p]:my-0\">\n<p class=\"my-2 [&amp;+p]:mt-4 [&amp;_strong:has(+br)]:inline-block [&amp;_strong:has(+br)]:pb-2\"><strong>Soziale &amp; \u00f6kologische Uni:<\/strong> Erhalt der Familienfreundlichkeit (Kitapl\u00e4tze\/B\u00fcro) und ein sozial gerechter Klimaschutz auf dem Campus.<\/p>\n<\/li>\n<\/ul>\n","protected":false},"excerpt":{"rendered":"<p>Die n\u00e4chsten EAS-Termine und weitere Informationen zum EAS sind hier zu finden: Erweiterter Akademischer Senat Amtsperiode 01.04.2026 bis 31.03.2028 Unsere&#8230;<\/p>\n","protected":false},"author":3,"featured_media":0,"parent":29,"menu_order":0,"comment_status":"closed","ping_status":"closed","template":"","meta":{"footnotes":""},"class_list":["post-466","page","type-page","status-publish","hentry"],"_links":{"self":[{"href":"https:\/\/www.verdi-tu.de\/wordpress\/wp-json\/wp\/v2\/pages\/466","targetHints":{"allow":["GET"]}}],"collection":[{"href":"https:\/\/www.verdi-tu.de\/wordpress\/wp-json\/wp\/v2\/pages"}],"about":[{"href":"https:\/\/www.verdi-tu.de\/wordpress\/wp-json\/wp\/v2\/types\/page"}],"author":[{"embeddable":true,"href":"https:\/\/www.verdi-tu.de\/wordpress\/wp-json\/wp\/v2\/users\/3"}],"replies":[{"embeddable":true,"href":"https:\/\/www.verdi-tu.de\/wordpress\/wp-json\/wp\/v2\/comments?post=466"}],"version-history":[{"count":38,"href":"https:\/\/www.verdi-tu.de\/wordpress\/wp-json\/wp\/v2\/pages\/466\/revisions"}],"predecessor-version":[{"id":3181,"href":"https:\/\/www.verdi-tu.de\/wordpress\/wp-json\/wp\/v2\/pages\/466\/revisions\/3181"}],"up":[{"embeddable":true,"href":"https:\/\/www.verdi-tu.de\/wordpress\/wp-json\/wp\/v2\/pages\/29"}],"wp:attachment":[{"href":"https:\/\/www.verdi-tu.de\/wordpress\/wp-json\/wp\/v2\/media?parent=466"}],"curies":[{"name":"wp","href":"https:\/\/api.w.org\/{rel}","templated":true}]}}

<ul>
<li>Die nächsten EAS-Termine und weitere Informationen zum EAS sind hier zu finden: <a href="https://www.tu.berlin/go151264/">Erweiterter Akademischer Senat</a></li>
<li>Amtsperiode 01.04.2026 bis 31.03.2028</li>
</ul>
<p><strong>Unsere Mitglieder im EAS:</strong></p>
<table>
<tbody>
<tr>
<td style="text-align: center;"><a href="mailto:anja.guenther@tu-berlin.de">Anja Günther</a></td>
<td style="text-align: center;"><a href="mailto:sdamke@mms.tu-berlin.de">Stefan Damke</a></td>
<td style="text-align: center;"><a href="mailto:jan.altmeyer@tu-berlin.de"><span style="color: #0066cc;">Jan Altmeyer </span></a></td>
</tr>
<tr>
<td><img loading="lazy" decoding="async" class="aligncenter wp-image-2055 size-thumbnail" src="https://www.verdi-tu.de/wordpress/wp-content/uploads/anja_guenther_sw-150x150.jpg" alt="" width="150" height="150" /></td>
<td><img loading="lazy" decoding="async" class="aligncenter wp-image-2056 size-thumbnail" src="https://www.verdi-tu.de/wordpress/wp-content/uploads/stefan_damke-150x150.jpg" alt="" width="150" height="150" /></td>
<td><img loading="lazy" decoding="async" class="aligncenter wp-image-3110 size-thumbnail" src="https://www.verdi-tu.de/wordpress/wp-content/uploads/8b982f51-5090-4aa2-9ad2-9a71b625c12b-e1771263856756-150x150.png" alt="" width="150" height="150" /></td>
</tr>
</tbody>
</table>
<p><strong>Stellvertreter:innen:</strong></p>
<table>
<tbody>
<tr>
<td style="text-align: center;"><a href="mailto:claudia.nasrallah@tu-berlin.de"><span style="color: #0066cc;">Claudia Ben Nasrallah</span></a></td>
<td style="text-align: center;"><a href="mailto:rolf.kunert@tu-berlin.de">Rolf Kunert</a></td>
<td style="text-align: center;"><a href="mailto:sandra.heck@tu-berlin.de"><span style="color: #0066cc;">Sandra Heck</span></a></td>
</tr>
<tr>
<td><img loading="lazy" decoding="async" class="aligncenter wp-image-2129 size-thumbnail" src="https://www.verdi-tu.de/wordpress/wp-content/uploads/claudia_ben_nasrallah-150x150.jpg" alt="" width="150" height="150" /></td>
<td><img loading="lazy" decoding="async" class="aligncenter wp-image-2058 size-thumbnail" src="https://www.verdi-tu.de/wordpress/wp-content/uploads/rolf_sw-150x150.jpg" alt="" width="150" height="150" /></td>
<td><strong><img loading="lazy" decoding="async" class="aligncenter wp-image-3110 size-thumbnail" src="https://www.verdi-tu.de/wordpress/wp-content/uploads/8b982f51-5090-4aa2-9ad2-9a71b625c12b-e1771263856756-150x150.png" alt="" width="150" height="150" /></strong></td>
</tr>
</tbody>
</table>
<p class="my-2 [&amp;+p]:mt-4 [&amp;_strong:has(+br)]:inline-block [&amp;_strong:has(+br)]:pb-2">Wir sind ein erfahrenes Team aus Technik, Service und Verwaltung (MTSV), das Fachwissen mit gewerkschaftlicher Solidarität verbindet.</p>
<p class="my-2 [&amp;+p]:mt-4 [&amp;_strong:has(+br)]:inline-block [&amp;_strong:has(+br)]:pb-2">Unsere Schwerpunkte für die Amtszeit 2026–2028:</p>
<ul class="marker:text-quiet list-disc">
<li class="py-0 my-0 prose-p:pt-0 prose-p:mb-2 prose-p:my-0 [&amp;&gt;p]:pt-0 [&amp;&gt;p]:mb-2 [&amp;&gt;p]:my-0">
<p class="my-2 [&amp;+p]:mt-4 [&amp;_strong:has(+br)]:inline-block [&amp;_strong:has(+br)]:pb-2"><strong>Transparenz &amp; Mitbestimmung:</strong> Offene Kommunikation bei Finanzengpässen und verbindliche Beteiligung des MTSV-Personals an Haushaltsentscheidungen.</p>
</li>
<li class="py-0 my-0 prose-p:pt-0 prose-p:mb-2 prose-p:my-0 [&amp;&gt;p]:pt-0 [&amp;&gt;p]:mb-2 [&amp;&gt;p]:my-0">
<p class="my-2 [&amp;+p]:mt-4 [&amp;_strong:has(+br)]:inline-block [&amp;_strong:has(+br)]:pb-2"><strong>Stabilität gegen Kürzungen:</strong> Kampf für ausreichende Personalstärke in Verwaltung und IT sowie gegen betriebsbedingte Kündigungen und Arbeitsverdichtung.</p>
</li>
<li class="py-0 my-0 prose-p:pt-0 prose-p:mb-2 prose-p:my-0 [&amp;&gt;p]:pt-0 [&amp;&gt;p]:mb-2 [&amp;&gt;p]:my-0">
<p class="my-2 [&amp;+p]:mt-4 [&amp;_strong:has(+br)]:inline-block [&amp;_strong:has(+br)]:pb-2"><strong>Gesunde Arbeitsräume:</strong> Pragmatische Lösungen bei Raumknappheit und Sanierungen sowie die Besetzung offener Stellen in der Fachtechnik.</p>
</li>
<li class="py-0 my-0 prose-p:pt-0 prose-p:mb-2 prose-p:my-0 [&amp;&gt;p]:pt-0 [&amp;&gt;p]:mb-2 [&amp;&gt;p]:my-0">
<p class="my-2 [&amp;+p]:mt-4 [&amp;_strong:has(+br)]:inline-block [&amp;_strong:has(+br)]:pb-2"><strong>Entwicklung &amp; Anerkennung:</strong> Förderung echter Aufstiegschancen durch Weiterbildung und mehr Sichtbarkeit für die Schlüsselrolle des technischen Personals in Laboren und Werkstätten.</p>
</li>
<li class="py-0 my-0 prose-p:pt-0 prose-p:mb-2 prose-p:my-0 [&amp;&gt;p]:pt-0 [&amp;&gt;p]:mb-2 [&amp;&gt;p]:my-0">
<p class="my-2 [&amp;+p]:mt-4 [&amp;_strong:has(+br)]:inline-block [&amp;_strong:has(+br)]:pb-2"><strong>Soziale &amp; ökologische Uni:</strong> Erhalt der Familienfreundlichkeit (Kitaplätze/Büro) und ein sozial gerechter Klimaschutz auf dem Campus.</p>
</li>
</ul>

<p>Die nächsten EAS-Termine und weitere Informationen zum EAS sind hier zu finden: Erweiterter Akademischer Senat Amtsperiode 01.04.2026 bis 31.03.2028 Unsere&#8230;</p>
