{"id":453,"date":"2016-07-27T09:20:38","date_gmt":"2016-07-27T07:20:38","guid":{"rendered":"http:\/\/www.verdi-tu.de\/wordpress\/?page_id=453"},"modified":"2020-11-18T22:10:14","modified_gmt":"2020-11-18T20:10:14","slug":"aufgaben-des-as","status":"publish","type":"page","link":"https:\/\/www.verdi-tu.de\/wordpress\/ver-di-in-gremien\/akademischer-senat\/aufgaben-des-as\/","title":{"rendered":"Aufgaben des AS"},"content":{"rendered":"<p>Die Aufgaben des\u00a0AS sind u.a.:<\/p>\n<ul>\n<li style=\"list-style-type: none;\"><\/li>\n<li>Mitwirkung bei der Errichtung von Organisationseinheiten<\/li>\n<li>Einrichtung von Studieng\u00e4ngen<\/li>\n<li>Erlass von Satzungen<\/li>\n<li>Aufstellung von Grunds\u00e4tzen f\u00fcr Lehre, Studium und Pr\u00fcfungen<\/li>\n<li>Stellungnahme zu Studien- und Pr\u00fcfungsordnungen<\/li>\n<li>Stellungnahme zu Berufungsvorschl\u00e4gen<\/li>\n<li>Koordinierung der T\u00e4tigkeit der Fakult\u00e4ten<\/li>\n<li>Beschlussfassung \u00fcber Hochschulentwicklungs- und Ausstattungspl\u00e4ne<\/li>\n<li>Frauenf\u00f6rderrichtlinien<\/li>\n<li>Regelungen \u00fcber die Benutzung der Hochschuleinrichtungen<\/li>\n<\/ul>\n","protected":false},"excerpt":{"rendered":"<p>Die Aufgaben des\u00a0AS sind u.a.: Mitwirkung bei der Errichtung von Organisationseinheiten Einrichtung von Studieng\u00e4ngen Erlass von Satzungen Aufstellung von Grunds\u00e4tzen&#8230;<\/p>\n","protected":false},"author":3,"featured_media":0,"parent":437,"menu_order":0,"comment_status":"closed","ping_status":"closed","template":"template-full.php","meta":{"footnotes":""},"class_list":["post-453","page","type-page","status-publish","hentry"],"_links":{"self":[{"href":"https:\/\/www.verdi-tu.de\/wordpress\/wp-json\/wp\/v2\/pages\/453","targetHints":{"allow":["GET"]}}],"collection":[{"href":"https:\/\/www.verdi-tu.de\/wordpress\/wp-json\/wp\/v2\/pages"}],"about":[{"href":"https:\/\/www.verdi-tu.de\/wordpress\/wp-json\/wp\/v2\/types\/page"}],"author":[{"embeddable":true,"href":"https:\/\/www.verdi-tu.de\/wordpress\/wp-json\/wp\/v2\/users\/3"}],"replies":[{"embeddable":true,"href":"https:\/\/www.verdi-tu.de\/wordpress\/wp-json\/wp\/v2\/comments?post=453"}],"version-history":[{"count":4,"href":"https:\/\/www.verdi-tu.de\/wordpress\/wp-json\/wp\/v2\/pages\/453\/revisions"}],"predecessor-version":[{"id":2015,"href":"https:\/\/www.verdi-tu.de\/wordpress\/wp-json\/wp\/v2\/pages\/453\/revisions\/2015"}],"up":[{"embeddable":true,"href":"https:\/\/www.verdi-tu.de\/wordpress\/wp-json\/wp\/v2\/pages\/437"}],"wp:attachment":[{"href":"https:\/\/www.verdi-tu.de\/wordpress\/wp-json\/wp\/v2\/media?parent=453"}],"curies":[{"name":"wp","href":"https:\/\/api.w.org\/{rel}","templated":true}]}}

<p>Die Aufgaben des AS sind u.a.:</p>
<ul>
<li style="list-style-type: none;"></li>
<li>Mitwirkung bei der Errichtung von Organisationseinheiten</li>
<li>Einrichtung von Studiengängen</li>
<li>Erlass von Satzungen</li>
<li>Aufstellung von Grundsätzen für Lehre, Studium und Prüfungen</li>
<li>Stellungnahme zu Studien- und Prüfungsordnungen</li>
<li>Stellungnahme zu Berufungsvorschlägen</li>
<li>Koordinierung der Tätigkeit der Fakultäten</li>
<li>Beschlussfassung über Hochschulentwicklungs- und Ausstattungspläne</li>
<li>Frauenförderrichtlinien</li>
<li>Regelungen über die Benutzung der Hochschuleinrichtungen</li>
</ul>

<p>Die Aufgaben des AS sind u.a.: Mitwirkung bei der Errichtung von Organisationseinheiten Einrichtung von Studiengängen Erlass von Satzungen Aufstellung von Grundsätzen&#8230;</p>
