{"id":29,"date":"2013-09-16T07:45:12","date_gmt":"2013-09-16T05:45:12","guid":{"rendered":"http:\/\/www.verdi-tu.de\/wordpress\/?page_id=29"},"modified":"2026-02-17T17:11:19","modified_gmt":"2026-02-17T15:11:19","slug":"ver-di-in-gremien","status":"publish","type":"page","link":"https:\/\/www.verdi-tu.de\/wordpress\/ver-di-in-gremien\/","title":{"rendered":"\ud83c\udfdb\ufe0f Selbstverwaltungsgremien"},"content":{"rendered":"<h2>Zusammen engagiert!<\/h2>\n<p>Viele Kolleg:innen, die sich in der Gewerkschaft ver.di zusammengeschlossen haben, engagieren sich in der Gremien der Akademischen Selbstverwaltung an der TU Berlin.<\/p>\n<p>Auf der jeweiligen Unterseite findest du weitere Infos zu unserer Arbeit in den folgenden Gremien:<\/p>\n<ul>\n<li><a href=\"https:\/\/www.verdi-tu.de\/wordpress\/?page_id=437\">Akademischer Senat<\/a><\/li>\n<li><a href=\"https:\/\/www.verdi-tu.de\/wordpress\/?page_id=466\">Erweiterter Akademischer Senat<\/a><\/li>\n<li><a href=\"https:\/\/www.verdi-tu.de\/wordpress\/?page_id=473\">Kuratorium<\/a><\/li>\n<\/ul>\n<h2>Was ist Akademische Selbstverwaltung?<\/h2>\n<p>Die Berliner Hochschulen regeln ihre Angelegenheiten nach dem Prinzip der Akademischen Selbstverwaltung. Dabei folgen sie \u2014 wie ver.di \u2014 demokratischen Grunds\u00e4tzen. Die wesentlichen Organe dieser Selbstverwaltung sind die Fakult\u00e4tsr\u00e4te, der Akademischer Senat (AS), der Erweiterter Akademischer Senat (EAS), das Kuratorium (KU) und das <a href=\"http:\/\/www.tu-berlin.de\/menue\/einrichtungen\/praesidium\/?tx_jppageteaser_pi1%5BbackId%5D=11\">Pr\u00e4sidium<\/a>.<\/p>\n<p>Eine \u00dcbersicht der Gremien an der TU findest Du <a href=\"https:\/\/www.static.tu.berlin\/fileadmin\/www\/10002457\/K3-Allgemeines\/TUB_Gremienuebersicht_bearb.pdf\">hier<\/a>.<\/p>\n<h2>Rechtsgrundlagen<\/h2>\n<p>Grundlagen f\u00fcr die Zusammensetzung und die Aufgaben dieser Organe sind das Gesetz \u00fcber die Hochschulen im Land Berlin BerlHG, die Grundordnung der TU Berlin und erg\u00e4nzend die jeweilige Gesch\u00e4ftsordnung. Alle Rechtsnormen sind hier zusammengestellt: <a href=\"https:\/\/www.tu.berlin\/go278203\/\">Rechtliches &#8211; TU Berlin<\/a><\/p>\n<h2>Wahlen<\/h2>\n<p>Die Gremien der Akademischen Selbstverwaltung werden durch Wahlen gebildet und &#8211; soweit nicht anders geregelt &#8211; vom <a href=\"https:\/\/www.tu.berlin\/go136384\/\">Wahlamt<\/a> der TU Berlin durchgef\u00fchrt. Auch die Wahlordnung findest du unter &#8222;Rechtliches&#8220;.<\/p>\n<p>Infos zu den letzten Wahlen findest du <a href=\"https:\/\/www.verdi-tu.de\/wordpress\/ver-di-in-gremien\/wahlen-2026\/\">auf dieser Webseite<\/a>.<\/p>\n","protected":false},"excerpt":{"rendered":"<p>Zusammen engagiert! Viele Kolleg:innen, die sich in der Gewerkschaft ver.di zusammengeschlossen haben, engagieren sich in der Gremien der Akademischen Selbstverwaltung&#8230;<\/p>\n","protected":false},"author":1,"featured_media":236,"parent":0,"menu_order":0,"comment_status":"closed","ping_status":"closed","template":"","meta":{"footnotes":""},"class_list":["post-29","page","type-page","status-publish","has-post-thumbnail","hentry"],"_links":{"self":[{"href":"https:\/\/www.verdi-tu.de\/wordpress\/wp-json\/wp\/v2\/pages\/29","targetHints":{"allow":["GET"]}}],"collection":[{"href":"https:\/\/www.verdi-tu.de\/wordpress\/wp-json\/wp\/v2\/pages"}],"about":[{"href":"https:\/\/www.verdi-tu.de\/wordpress\/wp-json\/wp\/v2\/types\/page"}],"author":[{"embeddable":true,"href":"https:\/\/www.verdi-tu.de\/wordpress\/wp-json\/wp\/v2\/users\/1"}],"replies":[{"embeddable":true,"href":"https:\/\/www.verdi-tu.de\/wordpress\/wp-json\/wp\/v2\/comments?post=29"}],"version-history":[{"count":47,"href":"https:\/\/www.verdi-tu.de\/wordpress\/wp-json\/wp\/v2\/pages\/29\/revisions"}],"predecessor-version":[{"id":3185,"href":"https:\/\/www.verdi-tu.de\/wordpress\/wp-json\/wp\/v2\/pages\/29\/revisions\/3185"}],"wp:featuredmedia":[{"embeddable":true,"href":"https:\/\/www.verdi-tu.de\/wordpress\/wp-json\/wp\/v2\/media\/236"}],"wp:attachment":[{"href":"https:\/\/www.verdi-tu.de\/wordpress\/wp-json\/wp\/v2\/media?parent=29"}],"curies":[{"name":"wp","href":"https:\/\/api.w.org\/{rel}","templated":true}]}}