{"id":2752,"date":"2024-10-15T11:21:19","date_gmt":"2024-10-15T09:21:19","guid":{"rendered":"https:\/\/www.verdi-tu.de\/wordpress\/?page_id=2752"},"modified":"2024-10-22T16:43:03","modified_gmt":"2024-10-22T14:43:03","slug":"das-grosse-kuerzen","status":"publish","type":"page","link":"https:\/\/www.verdi-tu.de\/wordpress\/personalvertretung\/personalrat\/personalratswahlen2024\/das-grosse-kuerzen\/","title":{"rendered":"Das gro\u00dfe K\u00fcrzen?"},"content":{"rendered":"<p>Der Personalrat ist in die Diskussion, um die vom Land geforderten und teilweise selbst auferlegten K\u00fcrzungen beratend involviert.<\/p>\n<p>Wir nehmen unter Euch, den Besch\u00e4ftigten, gro\u00dfe Unsicherheit wahr: was bedeutet diese Diskussion f\u00fcr den jeweiligen Arbeitsbereich und die pers\u00f6nliche Situation?<\/p>\n<p>\u201eSparma\u00dfnahmen\u201c sollten nicht nach dem Gie\u00dfkannenprinzip angewendet werden. Wenn K\u00fcrzungen wirklich erforderlich sind, dann doch bitte mit einer echten Aufgabenkritik und der Betrachtung und Optimierung und an der einen oder anderen Stelle sogar mit Investitionen in Weiterbildung, Digitalisierung und Personalentwicklung.<\/p>\n<p>Unsere ver.di-Liste wird sich mit diesem wichtigen Themenfeld besch\u00e4ftigen und alle m\u00f6glichen Ma\u00dfnahmen im Sinne der Besch\u00e4ftigten begleiten!<\/p>\n<p>Wir fordern:<\/p>\n<ul>\n<li>fr\u00fchzeitige transparente Kommunikation m\u00f6glicher K\u00fcrzungs- bzw. Umstrukturierungsma\u00dfnahmen<\/li>\n<li>Beteiligung der Besch\u00e4ftigten und verantwortlichen F\u00fchrungskr\u00e4fte<\/li>\n<li>eine echte Aufgabenkritik mit strategischer Weitsicht und keine K\u00fcrzung nach Gie\u00dfkannenprinzip<\/li>\n<li>Transparenz dar\u00fcber, wer welche Entscheidungsgewalt hat<\/li>\n<li>keine betriebsbedingten K\u00fcndigungen<\/li>\n<\/ul>\n<p><i><b>Das siehst Du auch so? Dann w\u00e4hle ver.di!<\/b><\/i><\/p>\n<p><a href=\"https:\/\/www.verdi-tu.de\/wordpress\/wp-content\/uploads\/Slogan.jpg\"><img loading=\"lazy\" decoding=\"async\" class=\"alignleft wp-image-1707\" src=\"https:\/\/www.verdi-tu.de\/wordpress\/wp-content\/uploads\/Slogan-1024x83.jpg\" alt=\"\" width=\"525\" height=\"43\" srcset=\"https:\/\/www.verdi-tu.de\/wordpress\/wp-content\/uploads\/Slogan-1024x83.jpg 1024w, https:\/\/www.verdi-tu.de\/wordpress\/wp-content\/uploads\/Slogan-300x24.jpg 300w, https:\/\/www.verdi-tu.de\/wordpress\/wp-content\/uploads\/Slogan-768x62.jpg 768w, https:\/\/www.verdi-tu.de\/wordpress\/wp-content\/uploads\/Slogan-1536x125.jpg 1536w, https:\/\/www.verdi-tu.de\/wordpress\/wp-content\/uploads\/Slogan.jpg 1796w\" sizes=\"auto, (max-width: 525px) 100vw, 525px\" \/><\/a><\/p>\n<table>\n<tbody>\n<tr>\n<td style=\"text-align: center;\"><a href=\"https:\/\/www.verdi-tu.de\/wordpress\/personalratswahlen2020\/arbeitsplatzgestaltung\/\" target=\"_blank\" rel=\"noopener noreferrer\">Dein Arbeitsplatz<\/a><\/td>\n<td style=\"text-align: center;\"><a href=\"https:\/\/www.verdi-tu.de\/wordpress\/personalratswahlen2020\/digitale-lehre\/\" target=\"_blank\" rel=\"noopener noreferrer\">Leben als WiMi<\/a><\/td>\n<td style=\"text-align: center;\"><a href=\"https:\/\/www.verdi-tu.de\/wordpress\/personalratswahlen2020\/digitalisierung\/\" target=\"_blank\" rel=\"noopener noreferrer\">Alles digital &#8211;<br \/>\nalles besser?<\/a><\/td>\n<\/tr>\n<tr>\n<td style=\"text-align: center;\"><a href=\"https:\/\/www.verdi-tu.de\/wordpress\/personalratswahlen2020\/personalentwicklung\/\" target=\"_blank\" rel=\"noopener noreferrer\">Personalentwicklung<\/a><\/td>\n<td style=\"text-align: center;\"><a href=\"https:\/\/www.verdi-tu.de\/wordpress\/personalvertretung\/personalrat\/personalratswahlen2024\/baulicher-zustand\/\">Baustelle TU<\/a><\/td>\n<td style=\"text-align: center;\"><a href=\"https:\/\/www.verdi-tu.de\/wordpress\/personalvertretung\/personalrat\/personalratswahlen2024\/tu-verwaltung\/\">TU Verwaltung<\/a><\/td>\n<\/tr>\n<tr>\n<td style=\"text-align: center;\"><a href=\"https:\/\/www.verdi-tu.de\/wordpress\/personalratswahlen2024\/eingruppierung\/\" target=\"_blank\" rel=\"noopener noreferrer\">Verbesserung<br \/>\nEingruppierung<\/a><\/td>\n<td style=\"text-align: center;\"><\/td>\n<td style=\"text-align: center;\"><a href=\"https:\/\/www.verdi-tu.de\/wordpress\/personalratswahlen2020\/die-ver-di-liste\/\" target=\"_blank\" rel=\"noopener noreferrer\">Die ver.di-Liste<\/a><\/td>\n<\/tr>\n<\/tbody>\n<\/table>\n","protected":false},"excerpt":{"rendered":"<p>Der Personalrat ist in die Diskussion, um die vom Land geforderten und teilweise selbst auferlegten K\u00fcrzungen beratend involviert. Wir nehmen&#8230;<\/p>\n","protected":false},"author":3,"featured_media":0,"parent":1336,"menu_order":0,"comment_status":"closed","ping_status":"closed","template":"page-full.php","meta":{"footnotes":""},"class_list":["post-2752","page","type-page","status-publish","hentry"],"_links":{"self":[{"href":"https:\/\/www.verdi-tu.de\/wordpress\/wp-json\/wp\/v2\/pages\/2752","targetHints":{"allow":["GET"]}}],"collection":[{"href":"https:\/\/www.verdi-tu.de\/wordpress\/wp-json\/wp\/v2\/pages"}],"about":[{"href":"https:\/\/www.verdi-tu.de\/wordpress\/wp-json\/wp\/v2\/types\/page"}],"author":[{"embeddable":true,"href":"https:\/\/www.verdi-tu.de\/wordpress\/wp-json\/wp\/v2\/users\/3"}],"replies":[{"embeddable":true,"href":"https:\/\/www.verdi-tu.de\/wordpress\/wp-json\/wp\/v2\/comments?post=2752"}],"version-history":[{"count":5,"href":"https:\/\/www.verdi-tu.de\/wordpress\/wp-json\/wp\/v2\/pages\/2752\/revisions"}],"predecessor-version":[{"id":2842,"href":"https:\/\/www.verdi-tu.de\/wordpress\/wp-json\/wp\/v2\/pages\/2752\/revisions\/2842"}],"up":[{"embeddable":true,"href":"https:\/\/www.verdi-tu.de\/wordpress\/wp-json\/wp\/v2\/pages\/1336"}],"wp:attachment":[{"href":"https:\/\/www.verdi-tu.de\/wordpress\/wp-json\/wp\/v2\/media?parent=2752"}],"curies":[{"name":"wp","href":"https:\/\/api.w.org\/{rel}","templated":true}]}}

Das große Kürzen?

<p>Der Personalrat ist in die Diskussion, um die vom Land geforderten und teilweise selbst auferlegten Kürzungen beratend involviert.</p>
<p>Wir nehmen unter Euch, den Beschäftigten, große Unsicherheit wahr: was bedeutet diese Diskussion für den jeweiligen Arbeitsbereich und die persönliche Situation?</p>
<p>„Sparmaßnahmen“ sollten nicht nach dem Gießkannenprinzip angewendet werden. Wenn Kürzungen wirklich erforderlich sind, dann doch bitte mit einer echten Aufgabenkritik und der Betrachtung und Optimierung und an der einen oder anderen Stelle sogar mit Investitionen in Weiterbildung, Digitalisierung und Personalentwicklung.</p>
<p>Unsere ver.di-Liste wird sich mit diesem wichtigen Themenfeld beschäftigen und alle möglichen Maßnahmen im Sinne der Beschäftigten begleiten!</p>
<p>Wir fordern:</p>
<ul>
<li>frühzeitige transparente Kommunikation möglicher Kürzungs- bzw. Umstrukturierungsmaßnahmen</li>
<li>Beteiligung der Beschäftigten und verantwortlichen Führungskräfte</li>
<li>eine echte Aufgabenkritik mit strategischer Weitsicht und keine Kürzung nach Gießkannenprinzip</li>
<li>Transparenz darüber, wer welche Entscheidungsgewalt hat</li>
<li>keine betriebsbedingten Kündigungen</li>
</ul>
<p><i><b>Das siehst Du auch so? Dann wähle ver.di!</b></i></p>
<p><a href="https://www.verdi-tu.de/wordpress/wp-content/uploads/Slogan.jpg"><img loading="lazy" decoding="async" class="alignleft wp-image-1707" src="https://www.verdi-tu.de/wordpress/wp-content/uploads/Slogan-1024x83.jpg" alt="" width="525" height="43" srcset="https://www.verdi-tu.de/wordpress/wp-content/uploads/Slogan-1024x83.jpg 1024w, https://www.verdi-tu.de/wordpress/wp-content/uploads/Slogan-300x24.jpg 300w, https://www.verdi-tu.de/wordpress/wp-content/uploads/Slogan-768x62.jpg 768w, https://www.verdi-tu.de/wordpress/wp-content/uploads/Slogan-1536x125.jpg 1536w, https://www.verdi-tu.de/wordpress/wp-content/uploads/Slogan.jpg 1796w" sizes="auto, (max-width: 525px) 100vw, 525px" /></a></p>
<table>
<tbody>
<tr>
<td style="text-align: center;"><a href="https://www.verdi-tu.de/wordpress/personalratswahlen2020/arbeitsplatzgestaltung/" target="_blank" rel="noopener noreferrer">Dein Arbeitsplatz</a></td>
<td style="text-align: center;"><a href="https://www.verdi-tu.de/wordpress/personalratswahlen2020/digitale-lehre/" target="_blank" rel="noopener noreferrer">Leben als WiMi</a></td>
<td style="text-align: center;"><a href="https://www.verdi-tu.de/wordpress/personalratswahlen2020/digitalisierung/" target="_blank" rel="noopener noreferrer">Alles digital &#8211;<br />
alles besser?</a></td>
</tr>
<tr>
<td style="text-align: center;"><a href="https://www.verdi-tu.de/wordpress/personalratswahlen2020/personalentwicklung/" target="_blank" rel="noopener noreferrer">Personalentwicklung</a></td>
<td style="text-align: center;"><a href="https://www.verdi-tu.de/wordpress/personalvertretung/personalrat/personalratswahlen2024/baulicher-zustand/">Baustelle TU</a></td>
<td style="text-align: center;"><a href="https://www.verdi-tu.de/wordpress/personalvertretung/personalrat/personalratswahlen2024/tu-verwaltung/">TU Verwaltung</a></td>
</tr>
<tr>
<td style="text-align: center;"><a href="https://www.verdi-tu.de/wordpress/personalratswahlen2024/eingruppierung/" target="_blank" rel="noopener noreferrer">Verbesserung<br />
Eingruppierung</a></td>
<td style="text-align: center;"></td>
<td style="text-align: center;"><a href="https://www.verdi-tu.de/wordpress/personalratswahlen2020/die-ver-di-liste/" target="_blank" rel="noopener noreferrer">Die ver.di-Liste</a></td>
</tr>
</tbody>
</table>

<p>Der Personalrat ist in die Diskussion, um die vom Land geforderten und teilweise selbst auferlegten Kürzungen beratend involviert. Wir nehmen&#8230;</p>
