{"id":2335,"date":"2021-11-23T18:23:15","date_gmt":"2021-11-23T16:23:15","guid":{"rendered":"https:\/\/www.verdi-tu.de\/wordpress\/?page_id=2335"},"modified":"2021-11-23T19:53:43","modified_gmt":"2021-11-23T17:53:43","slug":"2335-2","status":"publish","type":"page","link":"https:\/\/www.verdi-tu.de\/wordpress\/ver-di-in-gremien\/gremienwahlen-im-dezember-2021\/2335-2\/","title":{"rendered":"Unser Kandidat*innen f\u00fcr die Wahlen zum KU 2021"},"content":{"rendered":"<table>\n<tbody>\n<tr>\n<td>1.<\/td>\n<td><img loading=\"lazy\" decoding=\"async\" class=\"aligncenter wp-image-2059 size-thumbnail\" src=\"https:\/\/www.verdi-tu.de\/wordpress\/wp-content\/uploads\/friederike_demmel_sw-150x150.jpg\" alt=\"\" width=\"150\" height=\"150\" \/><\/td>\n<td><strong>Friederike Demmel<\/strong><\/p>\n<p>Fakult\u00e4t V<\/td>\n<td>2.<\/td>\n<td><img loading=\"lazy\" decoding=\"async\" class=\"aligncenter wp-image-2069 size-thumbnail\" src=\"https:\/\/www.verdi-tu.de\/wordpress\/wp-content\/uploads\/anja_hoeschel_sw_2-150x150.jpg\" alt=\"\" width=\"150\" height=\"150\" \/><\/td>\n<td><strong>Anja H\u00f6schel<\/strong><\/p>\n<p>ZUV, SDU<\/td>\n<\/tr>\n<tr>\n<td>3.<\/td>\n<td><img loading=\"lazy\" decoding=\"async\" class=\"aligncenter wp-image-2061 size-thumbnail\" src=\"https:\/\/www.verdi-tu.de\/wordpress\/wp-content\/uploads\/marcus_sw-150x150.jpg\" alt=\"\" width=\"150\" height=\"150\" \/><\/td>\n<td><strong>Dr.-Ing. Marcus Schuchardt<\/strong><\/p>\n<p>Fakult\u00e4t IV<\/td>\n<td>4.<\/td>\n<td><img loading=\"lazy\" decoding=\"async\" class=\"aligncenter wp-image-2243 size-thumbnail\" src=\"https:\/\/www.verdi-tu.de\/wordpress\/wp-content\/uploads\/marcus_bleil-150x150.jpg\" alt=\"\" width=\"150\" height=\"150\" \/><\/td>\n<td><strong>Marcus Bleil<\/strong><\/p>\n<p>Fakult\u00e4t V<\/td>\n<\/tr>\n<tr>\n<td>5.<\/td>\n<td><img loading=\"lazy\" decoding=\"async\" class=\"aligncenter wp-image-2058 size-thumbnail\" src=\"https:\/\/www.verdi-tu.de\/wordpress\/wp-content\/uploads\/rolf_sw-150x150.jpg\" alt=\"\" width=\"150\" height=\"150\" \/><\/td>\n<td><strong>Rolf Kunert<\/strong><\/p>\n<p>Fakult\u00e4t II<\/td>\n<td>6.<\/td>\n<td><img loading=\"lazy\" decoding=\"async\" class=\"aligncenter wp-image-2056 size-thumbnail\" src=\"https:\/\/www.verdi-tu.de\/wordpress\/wp-content\/uploads\/stefan_damke-150x150.jpg\" alt=\"\" width=\"150\" height=\"150\" \/><\/td>\n<td><strong>Stefan Damke<\/strong><\/p>\n<p>Fakult\u00e4t V<\/p>\n<p>&nbsp;<\/td>\n<\/tr>\n<tr>\n<td>7.<\/td>\n<td><img loading=\"lazy\" decoding=\"async\" class=\"aligncenter wp-image-2342 size-thumbnail\" src=\"https:\/\/www.verdi-tu.de\/wordpress\/wp-content\/uploads\/gm-150x150.jpg\" alt=\"\" width=\"150\" height=\"150\" \/><\/td>\n<td><strong>Gabriele Meuser <\/strong><\/p>\n<p>Fakult\u00e4t III<\/td>\n<td><\/td>\n<\/tr>\n<tr>\n<td><\/td>\n<td><\/td>\n<td><\/td>\n<td><\/td>\n<td><\/td>\n<td><\/td>\n<\/tr>\n<\/tbody>\n<\/table>\n","protected":false},"excerpt":{"rendered":"<p>1. Friederike Demmel Fakult\u00e4t V 2. Anja H\u00f6schel ZUV, SDU 3. Dr.-Ing. Marcus Schuchardt Fakult\u00e4t IV 4. Marcus Bleil Fakult\u00e4t&#8230;<\/p>\n","protected":false},"author":8,"featured_media":0,"parent":2315,"menu_order":0,"comment_status":"closed","ping_status":"closed","template":"","meta":{"footnotes":""},"class_list":["post-2335","page","type-page","status-publish","hentry"],"_links":{"self":[{"href":"https:\/\/www.verdi-tu.de\/wordpress\/wp-json\/wp\/v2\/pages\/2335","targetHints":{"allow":["GET"]}}],"collection":[{"href":"https:\/\/www.verdi-tu.de\/wordpress\/wp-json\/wp\/v2\/pages"}],"about":[{"href":"https:\/\/www.verdi-tu.de\/wordpress\/wp-json\/wp\/v2\/types\/page"}],"author":[{"embeddable":true,"href":"https:\/\/www.verdi-tu.de\/wordpress\/wp-json\/wp\/v2\/users\/8"}],"replies":[{"embeddable":true,"href":"https:\/\/www.verdi-tu.de\/wordpress\/wp-json\/wp\/v2\/comments?post=2335"}],"version-history":[{"count":9,"href":"https:\/\/www.verdi-tu.de\/wordpress\/wp-json\/wp\/v2\/pages\/2335\/revisions"}],"predecessor-version":[{"id":2346,"href":"https:\/\/www.verdi-tu.de\/wordpress\/wp-json\/wp\/v2\/pages\/2335\/revisions\/2346"}],"up":[{"embeddable":true,"href":"https:\/\/www.verdi-tu.de\/wordpress\/wp-json\/wp\/v2\/pages\/2315"}],"wp:attachment":[{"href":"https:\/\/www.verdi-tu.de\/wordpress\/wp-json\/wp\/v2\/media?parent=2335"}],"curies":[{"name":"wp","href":"https:\/\/api.w.org\/{rel}","templated":true}]}}