{"id":2315,"date":"2021-11-23T16:40:18","date_gmt":"2021-11-23T14:40:18","guid":{"rendered":"https:\/\/www.verdi-tu.de\/wordpress\/?page_id=2315"},"modified":"2024-10-25T12:01:48","modified_gmt":"2024-10-25T10:01:48","slug":"gremienwahlen-im-dezember-2021","status":"publish","type":"page","link":"https:\/\/www.verdi-tu.de\/wordpress\/ver-di-in-gremien\/gremienwahlen-im-dezember-2021\/","title":{"rendered":"Ergebnisse Wahlen 2021"},"content":{"rendered":"<p class=\"post-title\">Liebe Kolleginnen und Kollegen,<\/p>\n<p>vom <strong>7. bis 9. Dezember 2021<\/strong> fanden die Wahlen zu den zentralen Gremien der TU Berlin statt.<\/p>\n<p>Gew\u00e4hlt werden u.a. die Mitglieder:<\/p>\n<ul>\n<li>der Fakult\u00e4tsr\u00e4te der Fakult\u00e4ten I-VII<\/li>\n<li>des Akademischen Senats (AS)<\/li>\n<li>des Erweiterten Akademischen Senats (EAS)<\/li>\n<li>des Kuratoriums (KU)<\/li>\n<\/ul>\n<p><a href=\"https:\/\/www.verdi-tu.de\/wordpress\/ver-di-in-gremien\/gremienwahlen-im-dezember-2021\/fotos-fuer-as-wahl-2021\/\">Unser Kandidat*innen f\u00fcr die Wahlen zum Akademischen Senat \/ Erweiterten Akademischen Senat waren.<\/a><\/p>\n<p><a href=\"https:\/\/www.verdi-tu.de\/wordpress\/2335-2\/\">Unser Kandidat*innen f\u00fcr die Wahlen zum Kuratorium waren.<\/a><\/p>\n","protected":false},"excerpt":{"rendered":"<p>Liebe Kolleginnen und Kollegen, vom 7. bis 9. Dezember 2021 fanden die Wahlen zu den zentralen Gremien der TU Berlin&#8230;<\/p>\n","protected":false},"author":8,"featured_media":0,"parent":29,"menu_order":0,"comment_status":"closed","ping_status":"closed","template":"","meta":{"footnotes":""},"class_list":["post-2315","page","type-page","status-publish","hentry"],"_links":{"self":[{"href":"https:\/\/www.verdi-tu.de\/wordpress\/wp-json\/wp\/v2\/pages\/2315","targetHints":{"allow":["GET"]}}],"collection":[{"href":"https:\/\/www.verdi-tu.de\/wordpress\/wp-json\/wp\/v2\/pages"}],"about":[{"href":"https:\/\/www.verdi-tu.de\/wordpress\/wp-json\/wp\/v2\/types\/page"}],"author":[{"embeddable":true,"href":"https:\/\/www.verdi-tu.de\/wordpress\/wp-json\/wp\/v2\/users\/8"}],"replies":[{"embeddable":true,"href":"https:\/\/www.verdi-tu.de\/wordpress\/wp-json\/wp\/v2\/comments?post=2315"}],"version-history":[{"count":15,"href":"https:\/\/www.verdi-tu.de\/wordpress\/wp-json\/wp\/v2\/pages\/2315\/revisions"}],"predecessor-version":[{"id":2886,"href":"https:\/\/www.verdi-tu.de\/wordpress\/wp-json\/wp\/v2\/pages\/2315\/revisions\/2886"}],"up":[{"embeddable":true,"href":"https:\/\/www.verdi-tu.de\/wordpress\/wp-json\/wp\/v2\/pages\/29"}],"wp:attachment":[{"href":"https:\/\/www.verdi-tu.de\/wordpress\/wp-json\/wp\/v2\/media?parent=2315"}],"curies":[{"name":"wp","href":"https:\/\/api.w.org\/{rel}","templated":true}]}}

<p class="post-title">Liebe Kolleginnen und Kollegen,</p>
<p>vom <strong>7. bis 9. Dezember 2021</strong> fanden die Wahlen zu den zentralen Gremien der TU Berlin statt.</p>
<p>Gewählt werden u.a. die Mitglieder:</p>
<ul>
<li>der Fakultätsräte der Fakultäten I-VII</li>
<li>des Akademischen Senats (AS)</li>
<li>des Erweiterten Akademischen Senats (EAS)</li>
<li>des Kuratoriums (KU)</li>
</ul>
<p><a href="https://www.verdi-tu.de/wordpress/ver-di-in-gremien/gremienwahlen-im-dezember-2021/fotos-fuer-as-wahl-2021/">Unser Kandidat*innen für die Wahlen zum Akademischen Senat / Erweiterten Akademischen Senat waren.</a></p>
<p><a href="https://www.verdi-tu.de/wordpress/2335-2/">Unser Kandidat*innen für die Wahlen zum Kuratorium waren.</a></p>
