{"id":1375,"date":"2020-09-13T14:28:05","date_gmt":"2020-09-13T12:28:05","guid":{"rendered":"http:\/\/www.verdi-tu.de\/wordpress\/?page_id=1375"},"modified":"2024-11-10T14:15:42","modified_gmt":"2024-11-10T12:15:42","slug":"baulicher-zustand","status":"publish","type":"page","link":"https:\/\/www.verdi-tu.de\/wordpress\/personalvertretung\/personalrat\/personalratswahlen2024\/baulicher-zustand\/","title":{"rendered":"Baustelle TU"},"content":{"rendered":"<p><a href=\"https:\/\/www.verdi-tu.de\/wordpress\/personalratswahlen-2024\/baulicher-zustand\"><img loading=\"lazy\" decoding=\"async\" class=\"alignright wp-image-1933\" src=\"https:\/\/www.verdi-tu.de\/wordpress\/wp-content\/uploads\/germany-flag-german-flag-large-jmnWRx-300x180.jpg\" alt=\"\" width=\"33\" height=\"20\" srcset=\"https:\/\/www.verdi-tu.de\/wordpress\/wp-content\/uploads\/germany-flag-german-flag-large-jmnWRx-300x180.jpg 300w, https:\/\/www.verdi-tu.de\/wordpress\/wp-content\/uploads\/germany-flag-german-flag-large-jmnWRx-1024x614.jpg 1024w, https:\/\/www.verdi-tu.de\/wordpress\/wp-content\/uploads\/germany-flag-german-flag-large-jmnWRx-768x461.jpg 768w, https:\/\/www.verdi-tu.de\/wordpress\/wp-content\/uploads\/germany-flag-german-flag-large-jmnWRx.jpg 1200w\" sizes=\"auto, (max-width: 33px) 100vw, 33px\" \/><\/a><a href=\"https:\/\/www.verdi-tu.de\/wordpress\/staff-council-election-2024\/construction\/\"><img loading=\"lazy\" decoding=\"async\" class=\"alignright wp-image-1932\" src=\"https:\/\/www.verdi-tu.de\/wordpress\/wp-content\/uploads\/Screen-Shot-2015-05-04-at-21.55.49-300x149.png\" alt=\"\" width=\"40\" height=\"20\" srcset=\"https:\/\/www.verdi-tu.de\/wordpress\/wp-content\/uploads\/Screen-Shot-2015-05-04-at-21.55.49-300x149.png 300w, https:\/\/www.verdi-tu.de\/wordpress\/wp-content\/uploads\/Screen-Shot-2015-05-04-at-21.55.49.png 751w\" sizes=\"auto, (max-width: 40px) 100vw, 40px\" \/><\/a><br \/>\nDer Personalrat hat bei der Gestaltung der Arbeitspl\u00e4tze an der TU Berlin ein Mitbestimmungsrecht, das schlie\u00dft auch geplante Bauma\u00dfnahmen mit ein. In Gespr\u00e4chen mit TU Besch\u00e4ftigten wird immer wieder der <strong>desolate Bauzustand<\/strong> der unterschiedlichen TU Geb\u00e4ude thematisiert: Marode Baustruktur, die Sperrung ganzer Geb\u00e4ude bis hin zu heruntergefallenen Decken bestimmen leider das bauliche Bild. Das hat auch Folgen f\u00fcr die interne und externe Wahrnehmung der TU Berlin.<br \/>\nUnsere ver.di-Liste wird sich mit diesem wichtigen Themenfeld besch\u00e4ftigen und Ma\u00dfnahmen einfordern!<\/p>\n<p><strong>Die ver.di Liste setzt sich ein f\u00fcr:<\/strong><\/p>\n<ul>\n<li>m\u00f6glichst schnelle Reaktion und Instandsetzung bei Meldung baulicher M\u00e4ngel<\/li>\n<li>(Mehr) Personal f\u00fcr Wartung und Instandsetzung der TU Infrastruktur<\/li>\n<li>f\u00fcr Sanierung und\/oder Neubau<\/li>\n<li>eine gute Unterst\u00fctzung und <strong>Information der Besch\u00e4ftigten<\/strong> bei TU internen Umz\u00fcgen und Bauma\u00dfnahmen<\/li>\n<li>erforderliche Entscheidungen treffen: zum Schutz der Gesundheit der Besch\u00e4ftigen, auch Schlie\u00dfungen von Geb\u00e4uden mit alternativer Unterbringung<\/li>\n<li>ehrliche und offene Kommunikation zur Geb\u00e4udesituation<\/li>\n<li><strong>Konstruktive<\/strong> und <strong>sachorientierte<\/strong> Erarbeitung von L\u00f6sungen gemeinsam mit der Bauabteilung<\/li>\n<\/ul>\n<p style=\"text-align: center;\"><em><b>Du willst nicht, dass Dir die Decke auf den Kopf f\u00e4llt, w\u00e4hle ver.di!<\/b><\/em><\/p>\n<p><a href=\"https:\/\/www.verdi-tu.de\/wordpress\/wp-content\/uploads\/Slogan.jpg\"><img loading=\"lazy\" decoding=\"async\" class=\"wp-image-1707 aligncenter\" src=\"https:\/\/www.verdi-tu.de\/wordpress\/wp-content\/uploads\/Slogan-1024x83.jpg\" alt=\"\" width=\"525\" height=\"43\" srcset=\"https:\/\/www.verdi-tu.de\/wordpress\/wp-content\/uploads\/Slogan-1024x83.jpg 1024w, https:\/\/www.verdi-tu.de\/wordpress\/wp-content\/uploads\/Slogan-300x24.jpg 300w, https:\/\/www.verdi-tu.de\/wordpress\/wp-content\/uploads\/Slogan-768x62.jpg 768w, https:\/\/www.verdi-tu.de\/wordpress\/wp-content\/uploads\/Slogan-1536x125.jpg 1536w, https:\/\/www.verdi-tu.de\/wordpress\/wp-content\/uploads\/Slogan.jpg 1796w\" sizes=\"auto, (max-width: 525px) 100vw, 525px\" \/><\/a><\/p>\n<table>\n<tbody>\n<tr>\n<td style=\"text-align: center;\"><a href=\"https:\/\/www.verdi-tu.de\/wordpress\/personalratswahlen2020\/arbeitsplatzgestaltung\/\" target=\"_blank\" rel=\"noopener noreferrer\">Dein Arbeitsplatz<\/a><\/td>\n<td style=\"text-align: center;\"><a href=\"https:\/\/www.verdi-tu.de\/wordpress\/personalratswahlen2020\/digitale-lehre\/\" target=\"_blank\" rel=\"noopener noreferrer\">Leben als WiMi<\/a><\/td>\n<td style=\"text-align: center;\"><a href=\"https:\/\/www.verdi-tu.de\/wordpress\/personalratswahlen2020\/digitalisierung\/\" target=\"_blank\" rel=\"noopener noreferrer\">Alles digital &#8211;<br \/>\nalles besser?<\/a><\/td>\n<\/tr>\n<tr>\n<td style=\"text-align: center;\"><a href=\"https:\/\/www.verdi-tu.de\/wordpress\/personalratswahlen2020\/personalentwicklung\/\" target=\"_blank\" rel=\"noopener noreferrer\">Personalentwicklung<\/a><\/td>\n<td style=\"text-align: center;\"><a href=\"https:\/\/www.verdi-tu.de\/wordpress\/personalvertretung\/personalrat\/personalratswahlen2024\/das-grosse-kuerzen\/\">Das gro\u00dfe K\u00fcrzen?<\/a><\/td>\n<td style=\"text-align: center;\"><a href=\"https:\/\/www.verdi-tu.de\/wordpress\/personalvertretung\/personalrat\/personalratswahlen2024\/tu-verwaltung\/\">TU Verwaltung<\/a><\/td>\n<\/tr>\n<tr>\n<td style=\"text-align: center;\"><a href=\"https:\/\/www.verdi-tu.de\/wordpress\/personalratswahlen2024\/eingruppierung\/\" target=\"_blank\" rel=\"noopener noreferrer\">Verbesserung<br \/>\nEingruppierung<\/a><\/td>\n<td style=\"text-align: center;\"><\/td>\n<td style=\"text-align: center;\"><a href=\"https:\/\/www.verdi-tu.de\/wordpress\/personalratswahlen2020\/die-ver-di-liste\/\" target=\"_blank\" rel=\"noopener noreferrer\">Die ver.di-Liste<\/a><\/td>\n<\/tr>\n<\/tbody>\n<\/table>\n","protected":false},"excerpt":{"rendered":"<p>Der Personalrat hat bei der Gestaltung der Arbeitspl\u00e4tze an der TU Berlin ein Mitbestimmungsrecht, das schlie\u00dft auch geplante Bauma\u00dfnahmen mit&#8230;<\/p>\n","protected":false},"author":6,"featured_media":0,"parent":1336,"menu_order":0,"comment_status":"closed","ping_status":"closed","template":"page-full.php","meta":{"footnotes":""},"class_list":["post-1375","page","type-page","status-publish","hentry"],"_links":{"self":[{"href":"https:\/\/www.verdi-tu.de\/wordpress\/wp-json\/wp\/v2\/pages\/1375","targetHints":{"allow":["GET"]}}],"collection":[{"href":"https:\/\/www.verdi-tu.de\/wordpress\/wp-json\/wp\/v2\/pages"}],"about":[{"href":"https:\/\/www.verdi-tu.de\/wordpress\/wp-json\/wp\/v2\/types\/page"}],"author":[{"embeddable":true,"href":"https:\/\/www.verdi-tu.de\/wordpress\/wp-json\/wp\/v2\/users\/6"}],"replies":[{"embeddable":true,"href":"https:\/\/www.verdi-tu.de\/wordpress\/wp-json\/wp\/v2\/comments?post=1375"}],"version-history":[{"count":18,"href":"https:\/\/www.verdi-tu.de\/wordpress\/wp-json\/wp\/v2\/pages\/1375\/revisions"}],"predecessor-version":[{"id":2957,"href":"https:\/\/www.verdi-tu.de\/wordpress\/wp-json\/wp\/v2\/pages\/1375\/revisions\/2957"}],"up":[{"embeddable":true,"href":"https:\/\/www.verdi-tu.de\/wordpress\/wp-json\/wp\/v2\/pages\/1336"}],"wp:attachment":[{"href":"https:\/\/www.verdi-tu.de\/wordpress\/wp-json\/wp\/v2\/media?parent=1375"}],"curies":[{"name":"wp","href":"https:\/\/api.w.org\/{rel}","templated":true}]}}