{"id":1371,"date":"2020-09-13T14:27:07","date_gmt":"2020-09-13T12:27:07","guid":{"rendered":"http:\/\/www.verdi-tu.de\/wordpress\/?page_id=1371"},"modified":"2024-11-10T13:46:55","modified_gmt":"2024-11-10T11:46:55","slug":"arbeitsplatzgestaltung","status":"publish","type":"page","link":"https:\/\/www.verdi-tu.de\/wordpress\/personalvertretung\/personalrat\/personalratswahlen2024\/arbeitsplatzgestaltung\/","title":{"rendered":"Dein Arbeitsplatz"},"content":{"rendered":"<p><a href=\"https:\/\/www.verdi-tu.de\/wordpress\/personalratswahlen2024\/arbeitsplatzgestaltung\/\"><span style=\"display: inline-block; width: 0px; overflow: hidden; line-height: 0;\" data-mce-type=\"bookmark\" class=\"mce_SELRES_start\"><\/span><span style=\"display: inline-block; width: 0px; overflow: hidden; line-height: 0;\" data-mce-type=\"bookmark\" class=\"mce_SELRES_start\"><\/span><img loading=\"lazy\" decoding=\"async\" class=\"alignright wp-image-1933\" src=\"https:\/\/www.verdi-tu.de\/wordpress\/wp-content\/uploads\/germany-flag-german-flag-large-jmnWRx-300x180.jpg\" alt=\"\" width=\"33\" height=\"20\" srcset=\"https:\/\/www.verdi-tu.de\/wordpress\/wp-content\/uploads\/germany-flag-german-flag-large-jmnWRx-300x180.jpg 300w, https:\/\/www.verdi-tu.de\/wordpress\/wp-content\/uploads\/germany-flag-german-flag-large-jmnWRx-1024x614.jpg 1024w, https:\/\/www.verdi-tu.de\/wordpress\/wp-content\/uploads\/germany-flag-german-flag-large-jmnWRx-768x461.jpg 768w, https:\/\/www.verdi-tu.de\/wordpress\/wp-content\/uploads\/germany-flag-german-flag-large-jmnWRx.jpg 1200w\" sizes=\"auto, (max-width: 33px) 100vw, 33px\" \/><\/a><a href=\"https:\/\/www.verdi-tu.de\/wordpress\/staff-council-election-2024\/workplace-design\/\"><img loading=\"lazy\" decoding=\"async\" class=\"alignright wp-image-1932\" src=\"https:\/\/www.verdi-tu.de\/wordpress\/wp-content\/uploads\/Screen-Shot-2015-05-04-at-21.55.49-300x149.png\" alt=\"\" width=\"40\" height=\"20\" srcset=\"https:\/\/www.verdi-tu.de\/wordpress\/wp-content\/uploads\/Screen-Shot-2015-05-04-at-21.55.49-300x149.png 300w, https:\/\/www.verdi-tu.de\/wordpress\/wp-content\/uploads\/Screen-Shot-2015-05-04-at-21.55.49.png 751w\" sizes=\"auto, (max-width: 40px) 100vw, 40px\" \/><\/a>Der Personalrat der TU Berlin engagiert sich f\u00fcr die <b>bestm\u00f6glichen<\/b> <b>Arbeitsbedingungen<\/b> f\u00fcr die Besch\u00e4ftigten der Universit\u00e4t, die er vertritt.<br \/>\nDer Personalrat setzt sich f\u00fcr gute Arbeitspl\u00e4tze ein: Von der Gestaltung der Arbeitspl\u00e4tze \u00fcber deren Ausstattung bis hin zur Verpflegung, der Aufrechterhaltung der erforderlichen Hygieneverh\u00e4ltnisse und der Gesundheitsf\u00f6rderung.ie Umsetzung dieser Forderungen ist in Anbetracht der maroden Bausubstanz immer schwieriger und gewinnt gleichzeitig immer mehr an Bedeutung. Hinzu kommt die Forderung des Landes zu Fl\u00e4chenverdichtung.<br \/>\nAls ver.di-Liste im Personalrat setzen wir uns deshalb f\u00fcr eine Strategie einer gut auszuhaltenden Fl\u00e4chenverdichtung und entsprechenden Desksharing-Modellen ein, die den Fokus auf die Belange der Besch\u00e4ftigten legt..<br \/>\nDie hohen Erwartungen an die Arbeitsqualit\u00e4t der Besch\u00e4ftigten der TU Berlin, trotz des punktuellen Fachkr\u00e4ftemangels und der hohen Belastung, setzt voraus, dass gute Arbeitsbedingungen und eine wertsch\u00e4tzende Kommunikation gegeben sind. Wir setzen uns f\u00fcr eine gute Informationspolitik und Transparenz in den entsprechenden Prozessen ein.<\/p>\n<p><b>Unsere Punkte f\u00fcr bestm\u00f6gliche Arbeitsbedingungen an der TU Berlin:<\/b><\/p>\n<ul>\n<li>ergonomisch und technisch gut gestaltete Arbeitspl\u00e4tze<img loading=\"lazy\" decoding=\"async\" class=\"size-medium wp-image-2589 alignright\" src=\"https:\/\/www.verdi-tu.de\/wordpress\/wp-content\/uploads\/Dein-Arbeitsplatz-wechselnde-Sitzhaltungen-300x131.jpg\" alt=\"\" width=\"300\" height=\"131\" srcset=\"https:\/\/www.verdi-tu.de\/wordpress\/wp-content\/uploads\/Dein-Arbeitsplatz-wechselnde-Sitzhaltungen-300x131.jpg 300w, https:\/\/www.verdi-tu.de\/wordpress\/wp-content\/uploads\/Dein-Arbeitsplatz-wechselnde-Sitzhaltungen.jpg 452w\" sizes=\"auto, (max-width: 300px) 100vw, 300px\" \/><\/li>\n<li>Erhalt der Personalkantine nach Sanierung des Mathematikgeb\u00e4udes ggf. mit P\u00e4chterwechsel<\/li>\n<li>Ausbau des Angebotes des betrieblichen Gesundheitsmanagements<\/li>\n<li>Verbesserung der Hygieneverh\u00e4ltnisse, insbesondere bei den Toiletten<\/li>\n<li>Beteiligung der Besch\u00e4ftigten bei Einf\u00fchrung von Desksharing-Modellen und entsprechend zeitgem\u00e4\u00dfe IT-Ausstattung<\/li>\n<\/ul>\n<p><i><b>Darum, gestalte Deinen Arbeitsplatz mit, w\u00e4hle ver.di!<\/b><\/i><\/p>\n<p><a href=\"https:\/\/www.verdi-tu.de\/wordpress\/wp-content\/uploads\/Slogan.jpg\"><img loading=\"lazy\" decoding=\"async\" class=\"alignleft wp-image-1707\" src=\"https:\/\/www.verdi-tu.de\/wordpress\/wp-content\/uploads\/Slogan-1024x83.jpg\" alt=\"\" width=\"525\" height=\"43\" srcset=\"https:\/\/www.verdi-tu.de\/wordpress\/wp-content\/uploads\/Slogan-1024x83.jpg 1024w, https:\/\/www.verdi-tu.de\/wordpress\/wp-content\/uploads\/Slogan-300x24.jpg 300w, https:\/\/www.verdi-tu.de\/wordpress\/wp-content\/uploads\/Slogan-768x62.jpg 768w, https:\/\/www.verdi-tu.de\/wordpress\/wp-content\/uploads\/Slogan-1536x125.jpg 1536w, https:\/\/www.verdi-tu.de\/wordpress\/wp-content\/uploads\/Slogan.jpg 1796w\" sizes=\"auto, (max-width: 525px) 100vw, 525px\" \/><\/a><\/p>\n<table>\n<tbody>\n<tr>\n<td style=\"text-align: center;\"><a href=\"https:\/\/www.verdi-tu.de\/wordpress\/personalvertretung\/personalrat\/personalratswahlen2024\/baulicher-zustand\/\">Baustelle TU<\/a><\/td>\n<td style=\"text-align: center;\"><a href=\"https:\/\/www.verdi-tu.de\/wordpress\/personalratswahlen2020\/digitale-lehre\/\" target=\"_blank\" rel=\"noopener noreferrer\">Leben als WiMi<\/a><\/td>\n<td style=\"text-align: center;\"><a href=\"https:\/\/www.verdi-tu.de\/wordpress\/personalratswahlen2020\/digitalisierung\/\" target=\"_blank\" rel=\"noopener noreferrer\">Alles digital &#8211;<br \/>\nalle besser?<\/a><\/td>\n<\/tr>\n<tr>\n<td style=\"text-align: center;\"><a href=\"https:\/\/www.verdi-tu.de\/wordpress\/personalratswahlen2020\/personalentwicklung\/\" target=\"_blank\" rel=\"noopener noreferrer\">Personalentwicklung<\/a><\/td>\n<td style=\"text-align: center;\"><a href=\"https:\/\/www.verdi-tu.de\/wordpress\/personalvertretung\/personalrat\/personalratswahlen2024\/das-grosse-kuerzen\/\">Das gro\u00dfe K\u00fcrzen?<\/a><\/td>\n<td style=\"text-align: center;\">TU Verwaltung<\/td>\n<\/tr>\n<tr>\n<td style=\"text-align: center;\"><a href=\"https:\/\/www.verdi-tu.de\/wordpress\/personalratswahlen2020\/verbesserung-der-eingruppierung\/\" target=\"_blank\" rel=\"noopener noreferrer\">Verbesserung<br \/>\nEingruppierung<\/a><\/td>\n<td style=\"text-align: center;\"><\/td>\n<td style=\"text-align: center;\"><a href=\"https:\/\/www.verdi-tu.de\/wordpress\/personalratswahlen2020\/die-ver-di-liste\/\" target=\"_blank\" rel=\"noopener noreferrer\">Die ver.di-Liste<\/a><\/td>\n<\/tr>\n<\/tbody>\n<\/table>\n","protected":false},"excerpt":{"rendered":"<p>Der Personalrat der TU Berlin engagiert sich f\u00fcr die bestm\u00f6glichen Arbeitsbedingungen f\u00fcr die Besch\u00e4ftigten der Universit\u00e4t, die er vertritt. Der&#8230;<\/p>\n","protected":false},"author":6,"featured_media":0,"parent":1336,"menu_order":0,"comment_status":"closed","ping_status":"closed","template":"page-full.php","meta":{"footnotes":""},"class_list":["post-1371","page","type-page","status-publish","hentry"],"_links":{"self":[{"href":"https:\/\/www.verdi-tu.de\/wordpress\/wp-json\/wp\/v2\/pages\/1371","targetHints":{"allow":["GET"]}}],"collection":[{"href":"https:\/\/www.verdi-tu.de\/wordpress\/wp-json\/wp\/v2\/pages"}],"about":[{"href":"https:\/\/www.verdi-tu.de\/wordpress\/wp-json\/wp\/v2\/types\/page"}],"author":[{"embeddable":true,"href":"https:\/\/www.verdi-tu.de\/wordpress\/wp-json\/wp\/v2\/users\/6"}],"replies":[{"embeddable":true,"href":"https:\/\/www.verdi-tu.de\/wordpress\/wp-json\/wp\/v2\/comments?post=1371"}],"version-history":[{"count":33,"href":"https:\/\/www.verdi-tu.de\/wordpress\/wp-json\/wp\/v2\/pages\/1371\/revisions"}],"predecessor-version":[{"id":2938,"href":"https:\/\/www.verdi-tu.de\/wordpress\/wp-json\/wp\/v2\/pages\/1371\/revisions\/2938"}],"up":[{"embeddable":true,"href":"https:\/\/www.verdi-tu.de\/wordpress\/wp-json\/wp\/v2\/pages\/1336"}],"wp:attachment":[{"href":"https:\/\/www.verdi-tu.de\/wordpress\/wp-json\/wp\/v2\/media?parent=1371"}],"curies":[{"name":"wp","href":"https:\/\/api.w.org\/{rel}","templated":true}]}}